(7 - 3) + -3 + 0 + 2?
3
Calculate -26 + 23 + 3 + (-3 - 1).
-4
-1 - (0 + 2 + -4 + 1)
0
Calculate 0 + (6 - 7) + (-3 - -4).
0
Calculate (1 - 8) + (1 - -9) + 3.
6
Evaluate -5 + 1 + (-6 + 2 - -11).
3
0 + 0 + (35 - 38)
-3
Evaluate 21 + -16 + (-3 - -1).
3
What is -16 - -17 - (1 + -3)?
3
Evaluate (-2 - 2) + -2 + 0 + 2.
-4
What is (-7 - -2) + 4 - -4 - 0?
3
Evaluate (-7 - (0 + -2)) + 2.
-3
3 + (-7 - -15) + -5 + -14
-8
Evaluate (13 - 5) + (-32 - -18).
-6
What is 40 + -52 - (-10 - -1)?
-3
-5 + -3 + 11 + -3 + 2
2
-47 + 37 + (1 - -5)
-4
Evaluate (2 - 23) + (9 - -6).
-6
Evaluate 4 - (1 + 0 + -1).
4
What is the value of 6 + 2 - (4 + 5 + -6)?
5
70 + -64 - (0 - -6)
0
What is the value of 6 + (1 - 3 - 1)?
3
-3 - (1 - 5) - (-5 + 10)
-4
Evaluate 11 + (-12 - (12 + -12)).
-1
-4 + (3 - (5 + -1))
-5
What is the value of -4 + 9 - 3 - (2 + -5)?
5
Calculate 7 + (18 - 7 - 9).
9
Calculate (7 + -11 - -4) + (-1 - -5).
4
What is 0 + -1 + (1 - 0) + -2?
-2
What is the value of (-4 - -11) + 10 - 9?
8
What is 7 + 49 + -60 + (6 - 0)?
2
-6 + 0 + 6 + -5
-5
What is 8 + -6 - 2 - (5 - 0)?
-5
What is 2 + -11 + 4 + 7?
2
What is the value of 5 + (-13 - (1 - 9))?
0
What is 0 + 2 + 4 + 5 + -4?
7
Calculate -1 + (-3 - (3 - 4)).
-3
What is -10 + 2 + (5 - 2) + 5?
0
Evaluate -8 + 14 - 7 - 4.
-5
What is 2 + 2 + (2 - 6)?
0
4 + -1 + -7 + (1 - -6)
3
Calculate 4 + -1 - (17 - 16).
2
Evaluate (-4 - -8) + 5 + -1 - 3.
5
-6 - (-6 - 14 - -11)
3
-1 - (-3 - 0 - (-8 - -10))
4
What is the value of (-6 - -4) + -1 + 4?
1
What is 4 - -1 - ((0 - -4) + 0)?
1
(-2 - -7) + -6 + (5 - 0)
4
0 - 3 - (0 - -2 - 8)
3
Evaluate 25 + -21 + -3 + 1.
2
What is 0 + (-8 - -22) + -5?
9
-16 + 14 - (2 - 2)
-2
Calculate 1 + (-1 + -1 + -2 - 2).
-5
What is (1 + 5 - (35 + -29)) + 5?
5
What is (1 + -9 - -3) + 2 + 0?
-3
What is -1 + 1 + 2 + -2?
0
What is (-14 + 26 - (6 - 1)) + 2?
9
Calculate 2 + (-11 - -7) + 4.
2
What is 9 + -10 + 6 + -9?
-4
Evaluate -4 + (-7 - -5 - -5).
-1
-4 + (-2 - -10) + -8 - -2
-2
What is (-6 - 1) + 37 + -25?
5
Evaluate 0 - (-5 + 2 - (-2 + -4)).
-3
Calculate (0 - (-2 - (3 - 1))) + -7.
-3
9 + -6 + -5 - -3
1
Evaluate 3 + 11 + -6 + (0 - 0).
8
What is -7 + (4 - 2) + -3 - -4?
-4
Calculate -1 - -1 - 3 - (68 + -75).
4
(-13 + 5 - -2) + (1 - -4)
-1
1 + -1 - (7 - 11)
4
11 + (-19 - (4 - 9))
-3
What is 3 + (-5 - 1) + 10?
7
What is the value of 1 + 3 + (2 - 8 - -3)?
1
What is -8 - -12 - -8 - 9?
3
Calculate (5 + -4 - -6) + 1 + -1.
7
Calculate 10 + -10 - -9 - 4.
5
Calculate (5 - -1 - 2) + -6.
-2
1 + 2 + -5 + 3
1
Calculate 3 + 0 + -6 - 1.
-4
What is 4 - 8 - -1 - -2 - -3?
2
Evaluate (-3 - -1) + (-17 - -32) + -9.
4
What is the value of 10 + 0 + (8 - 10)?
8
Evaluate -1 - 1 - (-6 - -7).
-3
-2 + 12 + -7 - 8
-5
What is (-7 - (3 + -12)) + 1 + -3?
0
Evaluate 5 - (-4 - (-6 + 1)) - 1.
3
What is 10 + 2 + 6 + -12 + 0?
6
What is 0 + 0 + 9 - (-65 + 66)?
8
Calculate -5 + 0 + 0 + 3 + -1.
-3
Evaluate -1 + 2 + (-4 - (-7 + 3)).
1
Calculate -51 + 54 + (0 - 6).
-3
(-10 - (-14 + 5)) + -3
-4
(-5 - -8) + -6 + 7
4
-11 + 12 - (0 - 4)
5
5 + 0 - (-27 - -31)
1
What is (6 - (3 - 3)) + -6 + 1?
1
Calculate 3 + (1 - -1 - (13 + -5)).
-3
What is the value of -10 - (10 + (-7 - 8))?
-5
What is 12 + 4 + -6 - 7?
3
What is the value of 6 + 5 + -12 + 3?
2
What is the value of (1 - (-9 - -10)) + -1 + -1?
-2
(3 - 3) + 0 + 4
4
What is (7 + -15 - 4) + 2 + 3?
-7
Evaluate -7 + 2 - (5 - 8) - 2.
-4
Evaluate 3 + 2 + (19 + -12 - 12).
0
What is the value of -2 + (5 - (-3 + 4)) + -2?
0
8 + 8 + -11 + 2 + -8
-1
What is the value of 0 + 3 - (-1 - 4 - -7)?
1
Calculate -24 + 18 + 0 + 8.
2
Evaluate 3 + -4 + (-6 - -2) + 3.
-2
Calculate 1 - (-2 - -4) - -7 - 1.
5
What is 1 + 3 - (-13 - -22)?
-5
Calculate 2 + (-5 - (3 + -1)).
-5
-12 + 5 + 0 + 3
-4
Calculate 5 + (-2 - 3) - (6 - 11).
5
Evaluate 5 - (22 + 2 + -11).
-8
(-4 - (0 + 4)) + 6
-2
-11 + 4 + (-4 - -2) - -3
-6
-1 + 0 - (-4 - 2)
5
What is 3 + (29 - 20 - (0 - -14))?
-2
What is -13 + 17 + -7 + (-3 - -6)?
0
Evaluate -2 - -6 - (-2 + 11).
-5
Evaluate -3 + 5 + -3 + 1.
0
Evaluate -7 + (10 - 1) + -7.
-5
What is -2 + 10 + -1 + 1?
8
Evaluate -1 + -3 - (-1 - (-6 + 14)).
5
-1 + 10 - (-26 + 34)
1
Evaluate 1 + (4 - 10) + 1.
-4
-4 + (2 - (-3 - -6))
-5
What is (-2 - -8) + (16 - 20)?
2
Calculate -1 + 7 + 2 + -6.
2
What is the value of (9 - (7 - 6) - 8) + -6?
-6
4 + (0 - 0) + -4
0
3 + -10 - -22 - 8
7
What is the value of 9 - (18 + (-21 - -10))?
2
What is the value of 2 - (-1 + -2 - -7) - 0?
-2
-6 - (-4 + 0) - -5
3
Evaluate -5 + (-3 - -14 - 7).
-1
What is the value of (24 - 18) + (1 - 3)?
4
What is the value of (-3 - (0 - -4)) + (0 - -3)?
-4
-14 + 8 - (-9 + 1) - 5
-3
Evaluate 12 + -1 - (-25 - -41 - 7).
2
-3 - 0 - -5 - (-5 + 3)
4
What is the value of 4 + (1 - (4 + 1 + -2))?
2
What is 6 - (1 + (4 + -5 - -2))?
4
-2 + 0 - (2 + (-6 - 2))
4
Calculate -46 - -48 - (0 + -4).
6
Evaluate 7 + -9 + 5 + 0 + -5.
-2
What is the value of -23 + 26 + (-5 - 1)?
-3
What is the value of -3 - (-2 + 3) - -4?
0
Calculate 4 - 10 - -5 - 2.
-3
-22 + 21 + -4 + -2 + -1
-8
What is (0 - (3 + -3)) + -3 + 2?
-1
What is the value of 0 - ((4 - 3) + -4)?
3
Calculate (8 - 3 - -3) + -15.
-7
Calculate 6 + (0 - -6 - 6).
6
-3 + (11 + -9 - (0 - 1))
0
What is the value of 1 + -1 - (44 + -49)?
5
What is -3 + (4 - (2 - 1))?
0
(-8 - 0) + -2 + 6 + 0
-4
15 + -7 + (-9 - -2) + -7
-6
Evaluate 7 - 15 - -2 - -5.
-1
Evaluate -1 - (5 - 4 - 1) - 5.
-6
What is 0 - (-4 - -5 - (-5 + 1))?
-5
What is 6 - (3 + 3) - 1?
-1
Calculate -9 + -1 + (119 - 116).
-7
7 + 11 + -5 + -7
6
What is the value of (3 - 11 - -3) + 7 - -4?
6
Calculate 0 + -1 + 8 + (-3 - -1).
5
Evaluate (-8 - -12 - (0 - -1)) + 2.
5
What is -10 + 11 - ((1 - 3) + -4)?
7
What is 4 - (1 - -9) - -1?
-5
Evaluate -2 + -2 + -3 + 3.
-4
Evaluate -2 + 3 + 4 - (86 + -81).
0
What is the value of -6 + 2 + -2 + 6 + -5?
-5
Evaluate 2 - (3 - (-2 + 1 + -4)).
-6
-9 + 7 + -2 + 3
-1
Calculate (2 - -1) + 0 + -4 - 0.
-1
Calculate 78 - 71 - (13 + 0).
-6
What is -9 + 4 + 6 + 1?
2
Evaluate 9 + (4 - 22 - -4).
-5
16 - 31 - -12 - (2 + 4)
-9
Calculate 6 - 3 - (-2 + 5).
0
0 - 11 - (-12 - -7)
-6
What is the value of -4 + -5 + 11 + 0 + 0?
2
What is the value of -12 + 4 + 2 + 6?
0
What is the value of (0 + 2 - -3) + 0?
5
What is (3 - 2) + 3 + -1?
3
0 + -5 + 4 + -3
-4
Evaluate (-4 - (-4 - -3)) + -3 - -2.
-4
Calculate -3 - ((-6 - 2) + 4).
1
What is the value of -4 + 7 + (0 - (-1 - -3))?
1
-3 + (-1 - 0) + 45 + -41
0
-6 + 10 + 0 - 5
-1
Calculate 2 - -2 - (6 - -1).
-3
2 - (-2 + -1) - 4
1
What is the value of -4 - (-2 - -1 - -1)?
-4
What is (-11 - -21) + -8 + -11?
-9
What is the value of -15 - ((-18 - -8) + 0)?
-5
What is (9 - -4) + -5 - (-2 - -16)?
-6
(6 - 2) + -6 - (-6 + -1)
5
Calculate -1 - (5 - 14 - -3).
5
Evaluate 4 - (-1 + 2 + -1 - -4).
0
Evaluate 0 + 6 - 6 - 7.
-7
What is the value of 4 + -7 + (1 - 0) + 0?
-2
What is the value of (-12 - -3) + 5 - (-9 + 2)?
3
What is (8 - 3) + (8 - 11)?
2
What is the value of 0 + -3 - (9 + -16) - 2?
2
What is the value of -1 + (0 + 2 + -3 - 1)?
-3
What is 2 - 0 - ((1 - 9) + 11)?
-1
What is the value of 0 + -1 + 3 + (0 - 4)?
-2
What is -6 + -5 + -4 + 17 + -9?
-7
4 + -3 + 0 + 3 + 1
5
What is (0 - -7) + -9 + 0 - 3?
-5
What is 9 - (14 + -10 + 4)?
1
What is the value of 1 + -3 - (-2 - (2 - 1))?
1
What is the value of 1 + (-11 - -3) - (13 - 20)?
0
What is the value of -2 + -1 - (-2 - (5 - 4))?
0
-2 + 6 + (-17 - (1 + -21))
7
-3 - (3 + 4 + 0 + -14)
4
Evaluate (-9 - -7) + -2 + 6 + -4.
-2
-4 + -7 + 1 + 4 - -3
-3
What is -7 - (-2 + 0 + 4 + -1)?
-8
-1 + -4 + -1 + (-4 - -13)
3
Calculate 11 + -21 - -11 - -4.
5
Evaluate -2 + -10 + (0 - 6 - -14).
-4
What is the value of 3 - 1 - 0 - (3 + 0)?
-1
What is the value of (-1 - 6) + 24 + -22?
-5
Evaluate (4 - 8 - -12) + -7 + 3.
4
Evaluate -4 + (2 - (4 + 0 + -8)).
2
What is the value of (-8 + 4 - -7) + -7?
-4
What is (-8 + 6 - -6) + -1 - 9?
-6
What is the value of 2 + -5 - (-2 + -6 + 3)?
2
What is 6 - (-4 + 0 - -8)?
2
-2 + (-3 + (8 - 3) - 1)
-1
Evaluate (2 - (3 - 0)) + (7 - 5).
1
Evaluate -3 + (-1 - -3 - 5) - -5.
-1
-2 + -7 + 5 + (-1 - 0)
-5
What is the value of (-7 - (-8 - -2)) + 5?
4
Evaluate 9 + -8 + 3 + -9 - -6.
1
What is the value of 2 - (3 - (-2 + 1))?
-2
Calculate 0 + 3 + (-5 + 2 - -1).
1
10 - 2 - 0 - 9
-1
Evaluate (-7 - -2 - -2) + (-3 - -5).
-1
What is the value of -1 - 6 - (105 - 112) - -2?
2
Calculate 1 + -1 + (-5 - -2).
-